5*d = -0*d + 10, 5*d = 2*v - 19. Let a(r) = r**3 + 3*r**2 - 2*r + 4. What is a(v)?
10
Let l(i) = -2*i**3 + 3*i**2 + 3*i - 1. Let q be l(2). Let w(c) = 9*c**3 + c**2 + c - 1. Determine w(q).
10
Let q(t) = 2*t - 4. Let s(f) = 2*f + 2. Let i be s(-5). Let v(o) = o - 3. Let p(u) = i*v(u) + 5*q(u). Suppose -3*w - 16 = w. What is p(w)?
-4
Let r(n) = n**2 + 7*n + 6. Let o(h) = -h + 2*h**2 + 5*h - 3*h**2. Let d be o(5). Calculate r(d).
-4
Let o(x) = x - 1. Let a(n) = n**2 + 3*n - 10. Let j be a(2). Let b be (-8)/5 - 4/10. Let z = b - j. Determine o(z).
-3
Let h = -5 - -2. Suppose -9 = -u - 2*u. Let g(s) = s + u*s + 1 + 2 + s**2 - s. Determine g(h).
3
Let u(l) = 17*l - 12. Let s(b) = 11*b - 8. Let q(t) = 8*s(t) - 5*u(t). Determine q(3).
5
Let u(k) = -3*k - 3. Let x be u(-3). Suppose -x = c + c. Let a(w) be the second derivative of 2*w**3/3 + 2*w**2 - 5*w. Determine a(c).
-8
Let g = 25 + -22. Let f(p) be the third derivative of 1/120*p**6 + 7/24*p**4 + 2*p**2 + 0*p + 1/10*p**5 + 0 + 1/2*p**g. Determine f(-5).
-7
Let a(m) = -3*m + 4. Let f be 6 + (-2)/2 - 1. Suppose x = f*x - 60. Suppose x = 2*z + 2*z. Determine a(z).
-11
Let k = 0 - -6. Let a(y) be the third derivative of -1/2*y**3 - 1/30*y**5 - 1/24*y**4 + y**2 + 0 - 1/120*y**k + 0*y. Determine a(-3).
9
Let l(i) = i + 4. Let b be ((-1)/((-16)/(-76)) + 4)*-4. Give l(b).
7
Let q(g) be the first derivative of g**3/3 - 7*g**2/2 - 2*g + 6. Determine q(7).
-2
Let s be -9*2/6*-1. Let d(j) = -4*j**3 - 3*j**2 - 17 - 2*j + 19 + 5*j**3. Determine d(s).
-4
Let l = 8 - 23/3. Let s(x) be the first derivative of -1 - l*x**3 + 5*x + 3*x**2. Determine s(5).
10
Let x(z) = 16*z**3 + 10*z**2 - 3*z - 7. Let g(u) = -11*u**3 - 7*u**2 + 2*u + 5. Let s(v) = 7*g(v) + 5*x(v). Determine s(1).
3
Let p be (10/4)/((-2)/4). Let g(c) = -16*c + 1 - 13*c + 28*c. Give g(p).
6
Let i be 8/((-6)/((-9)/3)). Let r(v) = 2*v - 4. Calculate r(i).
4
Let m(f) = -f**3 + 6*f**2 - 4*f + 6. Let n(j) = 2*j**3 - 7*j**2 + 4*j - 6. Let y(b) = 3*m(b) + 2*n(b). Suppose 4*u + 10 = -10. Calculate y(u).
1
Let u(v) be the second derivative of -v**3/6 - 2*v**2 - 2*v. Let z(y) = 4*y + 7. Let x be z(-3). Determine u(x).
1
Let o(i) = -9*i**2 + 1. Let v be (-5)/(-2)*5/(-25)*2. Calculate o(v).
-8
Let r(h) be the second derivative of -3*h**5/10 - h**4/12 - h**3/6 - 2*h. Let g be r(-1). Let q be 0 + 0 + g/(-3). Let j(i) = 2*i**2 + 2*i. What is j(q)?
4
Let f(a) = 3*a - 10. Let q(y) = -7*y + 21. Let b(d) = 9*f(d) + 4*q(d). Let g = -7 + 2. Give b(g).
-1
Let j(i) = i**2 - 2*i + 7. Let r(g) = -g**2 + g - 3. Let l(b) = -2*j(b) - 5*r(b). Calculate l(1).
3
Let w(g) = 2. Let x(p) = p + 24. Let h(q) = 44*w(q) - 4*x(q). Calculate h(-6).
16
Let h(p) be the third derivative of -p**5/60 + p**4/12 + 9*p**2. Let u be (-8)/(-28) - (-24)/14. Calculate h(u).
0
Suppose 3*b + 3*t = 12, -22 = -4*b - 0*t - 2*t. Let m(f) be the third derivative of -f**4/12 + 3*f**3/2 + 10*f**2 + 3*f. Calculate m(b).
-5
Let l(v) = -v**3 + 2*v**2 - 3*v + 2. Let o = 3 - -1. Let y be 3*1/6*o. What is l(y)?
-4
Let f(g) = -g. Let u = -33 + 49. Suppose 3*m - 3*a = -33, 3*m + m - a + 35 = 0. Let h be u/(-6) + m/(-12). What is f(h)?
2
Let a(n) = -2*n**3 + 3*n**2 + 2*n + 4. Let k(b) = -3*b**3 + 3*b**2 + 2*b + 5. Let v(q) = -4*a(q) + 3*k(q). Determine v(-1).
-1
Let h be 1 + (-2 - -3) - 3. Let s = h - -4. Let f(p) = -7 - 3*p + 2*p + s*p. What is f(5)?
3
Let i be (-221)/(-39) + (-4)/6. Let h(s) be the second derivative of -s**4/12 + 2*s**3/3 + 3*s. Calculate h(i).
-5
Let j(o) be the second derivative of -7/6*o**3 + 1/20*o**5 + 2*o - 2*o**2 + 1/3*o**4 + 0. Give j(-5).
6
Let f be (2*1)/(-2)*4. Let n(b) = -2*b - 4. Let w be n(f). Let h(k) = -1 - 5*k + 5*k + 2*k. What is h(w)?
7
Let k(n) = -n + 4139 - 4139. Determine k(-2).
2
Suppose 0 = 3*f - 2*v - 2, f + 5*v = -0*f + 12. Let d be (0 - (1 + f))*-1. Let q(t) = -4*t + t**2 + t + d - 3*t. What is q(5)?
-2
Let c(i) = i - 3. Suppose -20 = 5*u - 5*f, -u - 12 = u - 3*f. Let j(k) be the third derivative of k**4/24 + 4*k**2. Let b be j(u). Give c(b).
-3
Let l(r) = 5*r**3 + 5*r**2 - r + 8. Let s(w) = 9*w**3 + 9*w**2 - 2*w + 15. Let u(t) = -11*l(t) + 6*s(t). Determine u(-2).
8
Let x(l) be the first derivative of 1/3*l**3 + 1/2*l**2 + 2 + 0*l. What is x(-3)?
6
Let z(b) = -6*b**3 - b**2. Let o = 12 - 28. Let l = -15 - o. What is z(l)?
-7
Let d(n) = 5*n**2 + 3*n + 2. Let k be -2 + (1 - (-3 - -4)). Give d(k).
16
Suppose -4*t = -3*t - 2. Let m(n) be the first derivative of 1 - 1/3*n**3 + 0*n - 5/2*n**t. Determine m(-4).
4
Let b(d) = 159*d - 160*d + 3 + 5. Calculate b(6).
2
Let i = 4 - 4. Let t(d) be the third derivative of 0 + d**3 + i*d + 2*d**2 + 1/24*d**4. Determine t(0).
6
Let v(f) = -f**2 + 6*f - 2*f**2 - 37 + 29 + 2*f**2. Give v(6).
-8
Let t(x) = -x**2 - 8*x - 2. Let p be t(-7). Let q(k) = k - 6. Determine q(p).
-1
Let o(i) be the second derivative of -i**5/4 + i**4/2 + 5*i**3/6 + 7*i**2/2 - 4*i. Let b(s) = -s**3. Let r(c) = 6*b(c) - o(c). Determine r(-5).
-7
Let z(d) = -30*d - 11 + 11. Give z(1).
-30
Let x(o) = -5*o**2 - 1. Let q = 14 - 13. Calculate x(q).
-6
Let w(i) = 5*i**3 + 2*i - 1. Suppose -8 + 9 = h. Give w(h).
6
Let c be 4/14 - 48/21. Let r(h) = -1. Suppose 5*g + 3*v = -0*v - 4, v - 2 = -5*g. Let j(u) = 4*u + 3. Let a(s) = g*j(s) + 2*r(s). Determine a(c).
-7
Suppose 4*p + 5 = -5*t, 3*t + 5 = -4*p + 2. Let s(g) = -g - 3. Give s(p).
-3
Let p(g) = -g**2 + 3. Let n be p(3). Let o(h) be the first derivative of -h**4/4 - 5*h**3/3 + 7*h**2/2 - 3*h + 43. Give o(n).
-9
Let h(q) = q**3 - 3*q**2 - 6*q + 4. Let j = 6 - 2. Calculate h(j).
-4
Let k(z) = -4 + 3 - z**2 + z + 6*z. Let h(p) = p - 1. Let x(y) = -h(y) + k(y). Give x(6).
0
Let d(x) be the first derivative of -2 - 3/2*x**2 - 1/4*x**4 - 5/3*x**3 - 3*x. Let n be (-2 - -1)/(2/8). Give d(n).
-7
Let a(s) = 1 - 5 + 7 + 4*s. Give a(-3).
-9
Let g be 0 + 3 + 3 + -3. Let q be (-3 + g + 0)/(-1). Let v(h) = -4*h + 5. Let p(u) = 9*u - 10. Let b(w) = -3*p(w) - 7*v(w). Calculate b(q).
-5
Let h(w) = -w + 6. Let z(g) = g**3 - 2*g**2 - g - 1. Let q be (-14)/(-5) - (-1)/5. Let u be z(q). Calculate h(u).
1
Suppose -3*i + 3 = -6. Let b(u) = 2*u**2 + i + 2*u + 3*u - 4*u - 5*u**3 + 4*u**3. Give b(3).
-3
Suppose -4 = -2*j + 2. Let n(k) = -j*k + 0*k + 6 + 2*k. Suppose 6 = 5*z - 3*z. What is n(z)?
3
Let m(r) = r**3 - 6*r**2 - 8. Let i = -25 - 31. Let w be i/(-10) - (-6)/15. What is m(w)?
-8
Suppose 3*r + 5*p - 10 = 0, 0 = 4*r + 5*p - p. Let k(a) = 3*a + 4. Determine k(r).
-11
Let f(l) = -l**3 - 8*l**2 - 10*l - 5. Suppose -6*o - 8 = -p - o, 0 = -3*o - 9. Calculate f(p).
16
Let z(v) = -4*v + 3. Let p be -16*(0 - (-2)/(-4)). Let n(r) = -p + 13*r + 0 - 2 - 2*r. Let h(q) = 3*n(q) + 8*z(q). Calculate h(6).
0
Let t(q) = -q**2 - 4*q - 5. Let d = 13 + -17. Calculate t(d).
-5
Let u(p) be the first derivative of -3*p**2/2 - 3*p + 2. Suppose 5 = -3*n - 1. What is u(n)?
3
Let i(z) be the first derivative of -z**5/120 - 5*z**4/12 - z**3 - 3. Let u(t) be the third derivative of i(t). Give u(-5).
-5
Let i(d) be the third derivative of -d**5/60 - 3*d**4/8 - 5*d**3/6 - 25*d**2. Calculate i(-7).
9
Suppose -4*d - 2 = -3*d. Let y(m) = -3*m. What is y(d)?
6
Let b be (50/30)/((-2)/6). Let d(u) = u - 4. What is d(b)?
-9
Let t(b) = 9*b**3 - 2*b + 1. Suppose 4*c + 4*f = c - 13, 5*c - 17 = 3*f. Give t(c).
8
Suppose 8*d = 5*d - 12. Let h(v) be the first derivative of -v**3/3 - 5*v**2/2 - 6*v + 1. Calculate h(d).
-2
Let j = 26 + -23. Let l(d) = -2*d**3 + 3*d**2 + 3*d + 2. Determine l(j).
-16
Let w(d) be the third derivative of -d**6/6 - d**5/60 - d**4/24 + 7*d**2. Give w(-1).
20
Let b(w) = -w**2 - 2*w + 5. Suppose -q = -40 + 9. Let d = 58 - q. Suppose 5*i = -d + 7. Calculate b(i).
-3
Let k(g) be the first derivative of g**4/4 + 4*g**3/3 - g**2 - 3*g + 4. Give k(-4).
5
Let z(h) = -h - 9. Let v be (-8)/(-2) + -11 + 3. Determine z(v).
-5
Let q(x) be the third derivative of x**7/5040 - x**6/240 - x**5/60 - 3*x**2. Let l(t) be the third derivative of q(t). Determine l(8).
5
Let t(a) = -5*a**3 - 6*a**2 + 4*a + 7. Let o(c) = 4*c**3 + 5*c**2 - 3*c - 6. Let p(i) = 6*o(i) + 5*t(i). Let r = -4 - -7. Let w be r*1 + 1 + -2. Calculate p(w).
-5
Let d(y) = 3*y**3 - 15*y**2 - 9*y - 10. Let v(i) = 5*i**3 - 23*i**2 - 13*i - 15. Let o(h) = 8*d(h) - 5*v(h). Determine o(-4).
7
Suppose -4*i = -8*i. Sup